= 13. Let k be (11 - n)*(-42)/10. Let f be ((-3)/2)/(6/(-56)). Calculate the highest common divisor of k and f.
7
Let k be -1 - (-2 + -1) - 2. Suppose -6*n + 2*n = k. Suppose n = 5*p - p - 32. Calculate the greatest common divisor of 72 and p.
8
Suppose -5*j + 4*p = -45, -6*p + p = 3*j + 10. Suppose 0 = j*s + 5*k - 145, -s + 6 = -5*k + 7. What is the highest common factor of s and 36?
12
Suppose 4 - 34 = -5*s. Suppose -s = -2*c - c. Let w be 10 + c + 1 - 2. Calculate the greatest common factor of 11 and w.
11
Let d(k) = k**2 + 6*k - 2. Let y be d(-7). Suppose -w = y*p - 52 - 49, 0 = 3*p + w - 59. What is the highest common divisor of p and 14?
7
Let m(f) = 3*f**2 + 2*f. Let l be m(-4). Let i be 276/27 - (-2)/(-9). What is the highest common factor of i and l?
10
Suppose -12 = -3*x - 0. Let j be (-2)/4*(x - 4). Let h = j - -3. Calculate the greatest common factor of h and 3.
3
Let x be (1 - -1) + -1 - -5. Suppose 4*o - 104 = -0*o. Let i = x + o. What is the highest common factor of i and 80?
16
Let p be ((-8)/10)/(2/(-185)). Calculate the greatest common factor of p and 111.
37
Let a = -4 - -6. Suppose a*n - 44 = -0*n. What is the greatest common factor of 33 and n?
11
Let d(v) = -4*v - 29. Let j be d(-14). Calculate the highest common divisor of j and 108.
27
Let r(n) = 41*n - 17. Let o(s) = -21*s + 8. Let k(i) = 5*o(i) + 2*r(i). Let g be k(-5). What is the greatest common divisor of 11 and g?
11
Suppose -5*b - 8 = -33. Suppose 3*c + 12 = b*c. Calculate the greatest common factor of c and 30.
6
Suppose 154 = 3*q - 26. Suppose 3*p - 6*p + q = 0. Suppose 3*r - 145 = -55. Calculate the highest common factor of p and r.
10
Suppose 31 = 4*u - 37. Calculate the greatest common divisor of 68 and u.
17
Let m = 9 - -9. Suppose -217 - 53 = -3*j. Calculate the greatest common factor of m and j.
18
Suppose -4 = -g + 6. Let i(p) = p**3 - 9*p**2 - 8*p + 9. Let x be i(g). What is the highest common factor of x and 203?
29
Let k = -4 + 8. Suppose -2*r = 2*w - 88, -2*r + k*r - 88 = -w. Calculate the highest common divisor of r and 11.
11
Let h = -24 - -26. Suppose 3*v - 15 = h*v. Let p = 18 - 12. What is the greatest common divisor of v and p?
3
Let p be 12/2*23/6. Calculate the greatest common divisor of 46 and p.
23
Let k be (-14)/(2/(-3) - 0). Suppose 0 = -11*w + 17*w - 42. Calculate the greatest common divisor of w and k.
7
Let b(n) be the first derivative of n**2/2 - 12*n - 9. Let y be b(16). Calculate the greatest common factor of 28 and y.
4
Let f = -10 - -97. Suppose -4*r + f = -57. Let p = 1 + 3. Calculate the greatest common factor of r and p.
4
Suppose 3*j = 8*j - 25. Suppose -1 = 2*z - 5. Calculate the highest common divisor of z and j.
1
Let d = 12 - 8. Suppose 2*l - 114 = -3*p + d*l, -3*p + 4*l = -108. Suppose -s = -3*v + 3 + 16, 0 = -4*s - 16. What is the highest common factor of v and p?
5
Let l be ((-4)/(-10))/((-1)/(-5)). Suppose l*a - 16 = 2. Calculate the highest common divisor of 9 and a.
9
Let i(z) = z**3 - 3. Let n be i(0). Let v = 2 + n. Let f = 2 + v. Calculate the greatest common divisor of 8 and f.
1
Let m(y) = y**3 - 4*y**2 - 7*y - 6. Let j be m(6). What is the greatest common factor of j and 60?
12
Let k = 71 + -31. Calculate the greatest common divisor of 16 and k.
8
Let y(m) = m**2 - 1. Let k(i) = -4*i**2 - i + 3. Let l(f) = -k(f) - 3*y(f). Let t be l(-2). Let d = 4 - t. What is the highest common divisor of 10 and d?
2
Let l be (-4)/(12/(-9)) - 1. Suppose -3*s - l*s = -25. Suppose -4*a + 2*r + 10 = -22, -r = a - s. What is the greatest common divisor of 7 and a?
7
Let g be -1 - (-5 + (-4 + 14)/(-5)). Calculate the highest common divisor of g and 120.
6
Let g(s) = s**2 + s - 11. Let f be g(-8). Suppose -5*a - 10 = -f. What is the greatest common divisor of 7 and a?
7
Let x(w) = -w**3 - 3*w**2 + 3*w - 3. Let q be x(-4). Let v be 3 + -1 + 0 - q. Calculate the greatest common divisor of 2 and v.
1
Let g be ((-12)/(-5))/((-1)/(-500)). Suppose -4*t = t - g. Suppose -o + 252 = 3*v + 2*o, -3*v + t = -o. What is the highest common divisor of 9 and v?
9
Let q(u) = u + 28. Let k be q(0). Let i = -1 + -3. Let y be (-2320)/(-55) - i/(-22). Calculate the greatest common divisor of y and k.
14
Let u be ((-4)/(-3))/((-7)/(-294)). Calculate the highest common divisor of 7 and u.
7
Let a(x) be the third derivative of x**5/60 + 5*x**4/24 + 2*x**3/3 + x**2. Suppose 33 = 5*k + 8. Let n be a(k). What is the highest common factor of 6 and n?
6
Let r(h) = -8*h. Let i be r(-2). Calculate the greatest common factor of 4 and i.
4
Let r(g) = 22*g - 2. Let c be r(2). Suppose 0*s + 3*s = c. What is the highest common divisor of s and 154?
14
Let c = 1 + -1. Suppose 0 = -c*x + 2*x. Suppose x*n + 18 = n. Calculate the greatest common divisor of n and 198.
18
Let l be (-1 + 2/2)/(-2). Suppose 0 = -l*o - o + 10. Suppose 4*h - 27 - 13 = 0. What is the highest common divisor of h and o?
10
Let x(a) = 12*a**3 + 2*a**2 - 2*a + 1. Let j be x(1). What is the highest common factor of j and 117?
13
Let l = 417 + -263. Calculate the greatest common factor of 14 and l.
14
Let d be 191/4 + 1/4. Suppose 2*u = 3*u - 2. Let y be (-6)/(-4)*(6 - u). What is the highest common divisor of y and d?
6
Let h be ((-8)/(-4))/(-6)*-27. What is the highest common factor of 9 and h?
9
Let a be 4/(-6) + (-4)/(-6). Let f = a - -4. Suppose -5*g - 5 = 0, -b - g - f*g + 5 = 0. Calculate the greatest common divisor of 90 and b.
10
Suppose 0 = 5*s - 3*s. Suppose -3*c + 2*p + 36 = -3*p, c + 3*p + 2 = s. What is the highest common factor of 7 and c?
7
Let x = 0 + -4. Let k(o) = 7*o - 2. Let b(r) = 7*r - 2. Let f(y) = x*b(y) + 3*k(y). Let l be f(-4). What is the greatest common factor of l and 12?
6
Let w(u) = 0 + 3 + 3 - 12*u - 2. Let m be w(-3). Calculate the greatest common divisor of m and 16.
8
Let x = -47 - -46. Suppose -3*s - 1 = -4*b + 25, 0 = -4*s + 2*b - 18. Let a be s/x*(-12)/(-8). What is the highest common divisor of 12 and a?
3
Let d = 25 + -20. Let k = d - -13. Calculate the greatest common divisor of k and 6.
6
Let t be (-16)/3 - (-22)/(-33). Let c(j) = j**3 + 6*j**2 - j + 5. Let z be c(t). What is the greatest common divisor of 1 and z?
1
Suppose -172 = -5*d + 178. Let k be (-18)/(-4) + 1/(-2). Suppose o = -k*o + d. Calculate the highest common factor of o and 28.
14
Suppose 4*x - 1050 = x. Let v = x + -194. Suppose 0*h = 4*h - v. What is the greatest common factor of 13 and h?
13
Suppose -2*c = -4*c + 6. Let r be (c - 1)/(4/26). Let u be -5 - -4 - -1*r. Calculate the greatest common factor of u and 12.
12
Let q be 12/16*(0 - -8). Calculate the greatest common divisor of q and 2.
2
Let j = -84 + 96. What is the highest common factor of 16 and j?
4
Suppose -x + 120 = x. Let i(o) = 2*o**2 - o - 3. Let g be i(3). Calculate the highest common factor of x and g.
12
Let i = 220 - -131. What is the greatest common divisor of i and 13?
13
Suppose -2*x + 1 = -m, -2*x + 4*m - 14 = -0*x. What is the greatest common divisor of 1 and x?
1
Suppose 3*k = 4*k - 2. Let x(h) = -h**2 + 3*h + 1. Let u be x(k). Suppose 57 = -u*q + 156. Calculate the greatest common divisor of 3 and q.
3
Let d be 3/(2 + 0 - 3). Let s = -1 - d. Suppose 0 = 2*o - 5 + 3. Calculate the highest common factor of o and s.
1
Let n(m) = m**2 - 2*m - 6. Suppose 2*x = -3*r + 5*x - 30, 5*r + 10 = -5*x. Let o be n(r). Let u = o - 22. What is the greatest common factor of u and 30?
10
Let w be (-2 + 16)/((-18)/(-45)). Suppose z = 2 - 0. Suppose -4*g - z = -22. Calculate the greatest common factor of g and w.
5
Suppose 5*a - 4*a = -17. Let z = a + 9. Let b be (-36)/z*(-6)/(-9). Calculate the highest common divisor of b and 3.
3
Let f(v) = -v + 40. Let j be f(0). Suppose -b = -6*b + j. What is the highest common factor of 40 and b?
8
Suppose 0 = 5*z - 51 + 1. Suppose 2*g - z = -0*g. Let b(h) = 2*h**2 + 4*h + 4. Let m be b(-4). What is the greatest common factor of g and m?
5
Let x(y) = y**2 - 5*y + 3*y - y - y. Let l be x(2). Let m(d) = 5*d**2 + 7*d + 4. Let b be m(l). What is the highest common factor of b and 8?
8
Let s be (20/(-3))/(6/(-18)). Let q(f) = 3*f**3 + 2*f**2 - f. Let t be q(4). Calculate the highest common divisor of s and t.
20
Suppose 0 = 5*n - 0*n - 705. Let g be (-110)/3 + 6/9. Let y = n + g. Calculate the highe